{"id":7072,"date":"2022-06-30T13:38:52","date_gmt":"2022-06-30T16:38:52","guid":{"rendered":"http:\/\/www.poloeducacionalsesc.com.br\/?page_id=7072"},"modified":"2025-01-23T10:29:31","modified_gmt":"2025-01-23T13:29:31","slug":"quem-somos","status":"publish","type":"page","link":"https:\/\/www.sesc.com.br\/poloeducacional\/quem-somos\/","title":{"rendered":"Quem somos"},"content":{"rendered":"<p>[et_pb_section fb_built=&#8221;1&#8243; fullwidth=&#8221;on&#8221; _builder_version=&#8221;4.17.4&#8243; _module_preset=&#8221;default&#8221; background_image=&#8221;http:\/\/www.poloeducacionalsesc.com.br\/wp-content\/uploads\/2022\/06\/unnamed-file.jpg&#8221; parallax=&#8221;on&#8221; width=&#8221;100%&#8221; global_colors_info=&#8221;{}&#8221;][et_pb_fullwidth_header title=&#8221;O Polo Educacional Sesc&#8221; text_orientation=&#8221;right&#8221; background_overlay_color=&#8221;rgba(0,0,0,0.4)&#8221; _builder_version=&#8221;4.17.4&#8243; _module_preset=&#8221;default&#8221; title_font=&#8221;|700|||||||&#8221; title_font_size=&#8221;50px&#8221; subhead_font=&#8221;|300|||||||&#8221; subhead_font_size=&#8221;24px&#8221; background_enable_color=&#8221;off&#8221; background_enable_image=&#8221;off&#8221; width=&#8221;100%&#8221; module_alignment=&#8221;left&#8221; min_height=&#8221;300px&#8221; custom_css_main_element=&#8221;display: flex;&#8221; custom_css_header_container=&#8221;vertical-align: middle&#8221; border_width_top=&#8221;4px&#8221; border_color_top=&#8221;#f6ba18&#8243; border_width_bottom=&#8221;4px&#8221; border_color_bottom=&#8221;#f6ba18&#8243; global_colors_info=&#8221;{}&#8221;][\/et_pb_fullwidth_header][\/et_pb_section][et_pb_section fb_built=&#8221;1&#8243; _builder_version=&#8221;4.17.4&#8243; _module_preset=&#8221;default&#8221; custom_padding=&#8221;0px||0px|||&#8221; global_colors_info=&#8221;{}&#8221;][et_pb_row column_structure=&#8221;1_2,1_2&#8243; _builder_version=&#8221;4.17.4&#8243; _module_preset=&#8221;default&#8221; custom_css_main_element=&#8221;display:flex;||align-items: center;&#8221; global_colors_info=&#8221;{}&#8221; custom_css_main_element_last_edited=&#8221;on|phone&#8221; custom_css_main_element_phone=&#8221;display:block;&#8221; custom_css_main_element_tablet=&#8221;display:flex;||align-items: center;&#8221;][et_pb_column type=&#8221;1_2&#8243; _builder_version=&#8221;4.17.4&#8243; _module_preset=&#8221;default&#8221; global_colors_info=&#8221;{}&#8221;][et_pb_image src=&#8221;http:\/\/www.poloeducacionalsesc.com.br\/wp-content\/uploads\/2020\/03\/historia_escola_061.jpg&#8221; title_text=&#8221;historia_escola_061&#8243; _builder_version=&#8221;4.17.4&#8243; _module_preset=&#8221;default&#8221; global_colors_info=&#8221;{}&#8221;][\/et_pb_image][\/et_pb_column][et_pb_column type=&#8221;1_2&#8243; _builder_version=&#8221;4.17.4&#8243; _module_preset=&#8221;default&#8221; global_colors_info=&#8221;{}&#8221;][et_pb_text _builder_version=&#8221;4.17.4&#8243; _module_preset=&#8221;default&#8221; text_font=&#8221;|300|||||||&#8221; header_font=&#8221;|800|||||||&#8221; header_text_color=&#8221;#004c99&#8243; header_font_size=&#8221;36px&#8221; custom_margin=&#8221;||16px|||&#8221; custom_css_main_element=&#8221;vertical-align: middle;&#8221; global_colors_info=&#8221;{}&#8221;]<\/p>\n<h1>Polos de refer\u00eancia<\/h1>\n<p>Os Polos de Refer\u00eancia do Sesc s\u00e3o espa\u00e7os de pesquisa, experimenta\u00e7\u00e3o, interc\u00e2mbio de saberes e inova\u00e7\u00e3o. Reiteram o compromisso do Sesc com o desenvolvimento social, ambiental, cultural e educacional do pa\u00eds.<\/p>\n<p>A a\u00e7\u00e3o dos polos de refer\u00eancia vai muito al\u00e9m de suas unidades. As atividades servem como modelos para atua\u00e7\u00e3o do Sesc em todo o pa\u00eds.<\/p>\n<p>[\/et_pb_text][\/et_pb_column][\/et_pb_row][et_pb_row column_structure=&#8221;1_2,1_2&#8243; _builder_version=&#8221;4.17.4&#8243; _module_preset=&#8221;default&#8221; custom_css_main_element=&#8221;display:flex;||align-items: center;&#8221; global_colors_info=&#8221;{}&#8221; custom_css_main_element_last_edited=&#8221;on|phone&#8221; custom_css_main_element_phone=&#8221;display:block;&#8221; custom_css_main_element_tablet=&#8221;display:flex;||align-items: center;&#8221;][et_pb_column type=&#8221;1_2&#8243; _builder_version=&#8221;4.17.4&#8243; _module_preset=&#8221;default&#8221; global_colors_info=&#8221;{}&#8221;][et_pb_text _builder_version=&#8221;4.17.4&#8243; _module_preset=&#8221;default&#8221; text_font=&#8221;|300|||||||&#8221; header_font=&#8221;|800|||||||&#8221; header_text_color=&#8221;#004c99&#8243; header_font_size=&#8221;36px&#8221; custom_margin=&#8221;||16px|||&#8221; custom_css_main_element=&#8221;vertical-align: middle;&#8221; global_colors_info=&#8221;{}&#8221;]<\/p>\n<h1>Educa\u00e7\u00e3o para a vida<\/h1>\n<p>O Polo Educacional Sesc tem uma importante trajet\u00f3ria. Em 2008, a Escola Sesc de Ensino M\u00e9dio, no Rio de Janeiro, abriu as portas para jovens de todos os estados do Brasil. Uma experi\u00eancia inovadora no cen\u00e1rio da educa\u00e7\u00e3o do pa\u00eds.<\/p>\n<p>Hoje o Polo Educacional Sesc oferece toda a estrutura necess\u00e1ria para o ensino de excel\u00eancia em diferentes segmentos: Escola Sesc de Ensino M\u00e9dio, Escola Sesc de Artes Dram\u00e1ticas e cursos livres nas \u00e1reas de cultura, tecnologia, esportes e l\u00ednguas estrangeiras. Esses programas e projetos foram criados para atender a um p\u00fablico diversificado, com abrang\u00eancia local e nacional, promovendo o desenvolvimento humano.<\/p>\n<p><strong>Um espa\u00e7o de troca de experi\u00eancias e saberes.<\/strong><\/p>\n<p>[\/et_pb_text][\/et_pb_column][et_pb_column type=&#8221;1_2&#8243; _builder_version=&#8221;4.17.4&#8243; _module_preset=&#8221;default&#8221; global_colors_info=&#8221;{}&#8221;][et_pb_image src=&#8221;http:\/\/www.poloeducacionalsesc.com.br\/wp-content\/uploads\/2022\/07\/20210422_151312.jpg&#8221; title_text=&#8221;20210422_151312&#8243; _builder_version=&#8221;4.17.4&#8243; _module_preset=&#8221;default&#8221; global_colors_info=&#8221;{}&#8221;][\/et_pb_image][\/et_pb_column][\/et_pb_row][et_pb_row _builder_version=&#8221;4.27.4&#8243; _module_preset=&#8221;default&#8221; custom_padding=&#8221;|133px||86px||&#8221; min_height=&#8221;503.5px&#8221;][et_pb_column _builder_version=&#8221;4.27.4&#8243; _module_preset=&#8221;default&#8221; type=&#8221;4_4&#8243;][et_pb_video src=&#8221;https:\/\/youtu.be\/RmgQSUA1mbE&#8221; _builder_version=&#8221;4.27.4&#8243; _module_preset=&#8221;default&#8221; hover_enabled=&#8221;0&#8243; sticky_enabled=&#8221;0&#8243; width=&#8221;78.7%&#8221; custom_margin=&#8221;|20px||140px||&#8221;][\/et_pb_video][\/et_pb_column][\/et_pb_row][\/et_pb_section]<\/p>\n","protected":false},"excerpt":{"rendered":"<p>Polos de refer\u00eancia Os Polos de Refer\u00eancia do Sesc s\u00e3o espa\u00e7os de pesquisa, experimenta\u00e7\u00e3o, interc\u00e2mbio de saberes e inova\u00e7\u00e3o. Reiteram o compromisso do Sesc com o desenvolvimento social, ambiental, cultural e educacional do pa\u00eds. A a\u00e7\u00e3o dos polos de refer\u00eancia vai muito al\u00e9m de suas unidades. As atividades servem como modelos para atua\u00e7\u00e3o do Sesc [&hellip;]<\/p>\n","protected":false},"author":1,"featured_media":0,"parent":0,"menu_order":0,"comment_status":"closed","ping_status":"closed","template":"","meta":{"_et_pb_use_builder":"on","_et_pb_old_content":"","_et_gb_content_width":"","footnotes":""},"class_list":["post-7072","page","type-page","status-publish","hentry"],"_links":{"self":[{"href":"https:\/\/www.sesc.com.br\/poloeducacional\/wp-json\/wp\/v2\/pages\/7072","targetHints":{"allow":["GET"]}}],"collection":[{"href":"https:\/\/www.sesc.com.br\/poloeducacional\/wp-json\/wp\/v2\/pages"}],"about":[{"href":"https:\/\/www.sesc.com.br\/poloeducacional\/wp-json\/wp\/v2\/types\/page"}],"author":[{"embeddable":true,"href":"https:\/\/www.sesc.com.br\/poloeducacional\/wp-json\/wp\/v2\/users\/1"}],"replies":[{"embeddable":true,"href":"https:\/\/www.sesc.com.br\/poloeducacional\/wp-json\/wp\/v2\/comments?post=7072"}],"version-history":[{"count":10,"href":"https:\/\/www.sesc.com.br\/poloeducacional\/wp-json\/wp\/v2\/pages\/7072\/revisions"}],"predecessor-version":[{"id":8710,"href":"https:\/\/www.sesc.com.br\/poloeducacional\/wp-json\/wp\/v2\/pages\/7072\/revisions\/8710"}],"wp:attachment":[{"href":"https:\/\/www.sesc.com.br\/poloeducacional\/wp-json\/wp\/v2\/media?parent=7072"}],"curies":[{"name":"wp","href":"https:\/\/api.w.org\/{rel}","templated":true}]}}